the greatest common divisor of d and 200.
40
Let o be ((-16)/(-4))/(2/4). Let g(d) = -d**3 + 8*d**2 + 7*d - 6. Let c be g(o). What is the greatest common divisor of c and 10?
10
Suppose -3*b + 3*i = -2*b - 11, 13 = b - 5*i. Let g = 133 - 113. Calculate the highest common factor of b and g.
4
Let j(x) = 14*x - 7. Let d(t) = 29*t - 14. Let k(i) = 6*d(i) - 13*j(i). Let h be k(-6). Calculate the highest common factor of 10 and h.
5
Let k = -495 + 524. Calculate the greatest common factor of 841 and k.
29
Suppose k = -3*x + 18, 4 = 3*x - 2*x. Let p be (-3)/k + (-37)/(-2). Calculate the greatest common factor of 126 and p.
18
Let k be ((-11)/((-77)/(-108)))/(15/(-210)). Let y be (-283)/(-4) + (-2)/(-8). Let j = y - 47. Calculate the highest common divisor of j and k.
24
Let t = -208 - -224. Calculate the highest common divisor of 12 and t.
4
Let x(c) be the second derivative of -1/12*c**4 + 7/2*c**2 + 0 - 7/6*c**3 + 1/20*c**5 + 4*c. Let v be x(5). Calculate the highest common factor of v and 9.
9
Let w = 45 + -9. Let h = -23 + w. What is the highest common divisor of h and 91?
13
Let y = 12 + -16. Let b = 5 + y. Suppose 25 - b = t. What is the highest common factor of 120 and t?
24
Let j be 12/(0 + -2) - (21 - 21). Let s(t) = 2*t**2 + 4*t + 9. Let f be s(j). What is the greatest common divisor of f and 19?
19
Let k = -266 - -386. Let q = -80 + k. What is the highest common divisor of 10 and q?
10
Suppose -66 - 42 = -d. Suppose 10*h - d = h. What is the highest common factor of 4 and h?
4
Let i = -28 + -42. Suppose 4*g - l = 253, 2*g + 3*l = 40 + 69. Let v = g - i. What is the highest common divisor of v and 12?
12
Suppose 120 = v - 0. What is the highest common factor of v and 48?
24
Suppose 3*m - 139 = -3*n + 62, -m = 3*n - 65. Calculate the greatest common divisor of m and 238.
34
Let u(d) = d**3 - 5*d**2 - 6*d + 3. Let b be u(6). Let h be (-4 + b - -2)/(2/12). Calculate the greatest common factor of 9 and h.
3
Let n be -5 + (0/(-1) - -1). Let j be -3 - (-3)/(-2)*n. Suppose 85 = j*x - 371. What is the greatest common factor of 19 and x?
19
Let r(j) = 20*j**2 - 48*j + 261. Let g be r(7). Calculate the highest common divisor of g and 5.
5
Let m be (-234)/91*(2 - (-304)/(-12)). What is the highest common divisor of 120 and m?
60
Suppose 3*y - 8 = y. Suppose 0*i + y*i = 0. Suppose i*w - 52 = -4*w. What is the greatest common divisor of w and 26?
13
Let s = 2 + 0. Suppose 2*i - 4 = s*j, 4*j = 5*i - 7 - 3. Suppose 0 = i*h + 2*h - 160. What is the highest common divisor of 8 and h?
8
Let g = 14 + -3. Suppose -3*x + g = -2*x - 3*c, -3*x + 4*c = -18. Suppose -11 = -7*v + 10. Calculate the highest common factor of x and v.
1
Let w = 129 - 69. Suppose -3*d = -0*d. Suppose 3*k - 30 - 42 = d. Calculate the highest common divisor of w and k.
12
Suppose 21*o + 4*f = 22*o - 72, 0 = -5*o - 5*f + 310. Calculate the greatest common divisor of o and 16.
16
Let a be (2/(-18))/((-23)/8901). Calculate the greatest common factor of a and 387.
43
Let k = -144 + 90. Let s = -30 - k. Suppose -4*b = 3*j + 43 - 154, 71 = 4*b - 5*j. Calculate the greatest common factor of s and b.
24
Let y(k) = 79*k**2 - k. Let m be y(1). Let t be (9/(-7) + 1)*(-139 + 21 + 27). Calculate the highest common factor of t and m.
26
Suppose -9 = -r + 8. Suppose 9 = r*i - 16*i. What is the greatest common factor of i and 3?
3
Suppose 5*s - 5*z - 285 = 0, -19 - 207 = -4*s + 2*z. Calculate the greatest common divisor of s and 98.
14
Let n(i) = -i**2 + 8*i + 208. Let f be n(-10). Calculate the greatest common factor of f and 91.
7
Let o be (9 - (-24)/(-6)) + 100/1. What is the highest common factor of 525 and o?
105
Let t = 128 + -126. Suppose 30 = z - 5*q, 2*z - t*q - 19 = 1. What is the greatest common factor of z and 5?
5
Let k be 6/(-39) + 924/91. Let q = -8 - -48. Let l = q - 10. What is the highest common factor of l and k?
10
Let n(q) = -2*q**2 + 14*q - 57. Let m be n(10). Let w = -57 - m. Calculate the greatest common divisor of w and 12.
12
Let a(f) = -f**3 + 44*f**2 + 52*f + 77. Let w be a(45). Calculate the highest common factor of 8 and w.
8
Let u(c) = -c**3 + 24*c**2 + 6*c - 58. Let a be u(24). Calculate the highest common divisor of a and 602.
86
Suppose f - 2*i = -1, 2*i = 5*f + 4 - 23. Suppose 4*j + f = 5*j. Suppose -2*u + 4*h + 24 = 0, u - j*h - 9 = 9. What is the greatest common factor of 24 and u?
8
Let r(z) = z**3 - 5*z**2 - 14*z + 67. Let g be r(6). Calculate the highest common divisor of g and 2.
1
Let i be 2028/104 - 3/2. What is the greatest common factor of i and 576?
18
Let k(t) = 3*t**2 - 19*t + 21*t - 5*t**2 + 12*t**2. Let o be k(1). Calculate the greatest common factor of o and 36.
12
Let n be 5079/33 + 6/66. What is the greatest common factor of 132 and n?
22
Suppose 2*m - 167 = -3*h, 0*h + 3*m - 103 = -2*h. Let j = 1 + h. Suppose 0 = -3*s + 36 + 36. Calculate the greatest common divisor of s and j.
12
Let u(a) = -7*a - 15. Let j be u(-3). Let b be (3 + -2)/(2/18). Let o be j/(1/(156/b)). Calculate the highest common divisor of 13 and o.
13
Let c(h) = 28*h**2 + 10*h. Let i be c(1). What is the greatest common factor of 152 and i?
38
Suppose 2*o - 143 = -5*b - 40, 133 = 2*o - 5*b. What is the greatest common factor of o and 531?
59
Let d(g) = g**3 - 13*g**2 - 5*g + 59. Let j be d(14). What is the greatest common factor of 222 and j?
37
Let r be 3 - ((-6)/(-8))/((-3)/36). Let g be r/6 + 1 + 2. Let b(j) = -2*j**3 - 5*j**2 + 3*j - 1. Let f be b(-4). What is the greatest common divisor of g and f?
5
Suppose -646 = -2*j - 0*j. Calculate the greatest common divisor of 19 and j.
19
Suppose 12 = -5*b + 82. What is the highest common divisor of b and 49?
7
Let b(q) = 96*q - 2. Let d be b(2). Suppose 4*a = 8, -6*a = 4*z - 3*a - d. What is the highest common divisor of 23 and z?
23
Suppose -5*k + 245 = -0*k. Let i = k + -20. What is the highest common divisor of i and 29?
29
Suppose 3 = 3*w + 9, -5*w - 150 = -5*s. Let v(z) = -z + 140. Let d be v(0). What is the greatest common factor of d and s?
28
Suppose -175 = -5*r - 4*q, -q = 3*r - 8*r + 175. What is the highest common divisor of 1295 and r?
35
Let w = 2039 + -1994. Let g(r) = 9*r - 6. Let v be g(4). What is the greatest common factor of w and v?
15
Let x(n) = -n**2 + 22*n - 9. Let a = 14 - -5. Let g be x(a). Calculate the highest common divisor of g and 72.
24
Suppose j = 1 + 25. Suppose 2*b - 35*b = -2145. Calculate the highest common divisor of b and j.
13
Let b = 358 + -334. What is the greatest common divisor of b and 108?
12
Suppose 27*c = 28*c, -5*c = 3*x - 168. What is the highest common factor of x and 238?
14
Suppose -s + 4 = -2. Suppose 25 = s*j - j. Suppose 0 = -k + 5*l + 26 - 24, -10 = -5*k + 2*l. Calculate the highest common divisor of k and j.
1
Let n(f) = -4*f + 6 - 3*f - 3 - f**2. Let t be n(-7). What is the highest common divisor of 24 and t?
3
Suppose -2 = 3*t - 4*t. Suppose 0 = -t*z - z. Let o be 2 + (8 - z) - -1. What is the greatest common factor of o and 121?
11
Let o be (-44)/5*(1 - 0)*-5. Calculate the highest common divisor of 55 and o.
11
Suppose -4 + 19 = -3*j. Let q be (j/10 - -2)*24. Calculate the highest common factor of 288 and q.
36
Let o(z) = z**2 - 28*z - 36. Let x be o(29). Let r be ((-15)/15)/(1/x). Suppose -3*f - f = -252. What is the highest common factor of r and f?
7
Let p(l) = -22*l - 39. Let b be p(-5). Let r = -64 + b. What is the greatest common divisor of r and 49?
7
Suppose 0 = 15*f - 14*f - 299. Calculate the greatest common factor of 23 and f.
23
Suppose 3*r + 9 = -m + 2, 9 = 5*m + 4*r. Let z be (m + 0)*144/45. What is the greatest common divisor of 2 and z?
2
Let i be ((-10)/(-15))/(2/72). Let c = 5 - i. Let p = 81 - c. What is the highest common factor of p and 10?
10
Let p = -58 - -64. Let d be (-53)/(-3) + (2/p - 0). What is the greatest common divisor of 12 and d?
6
Let g = -1778 - -1949. What is the greatest common factor of g and 36?
9
Suppose 3*i + 2*i - 45 = 0. Let g be i*((-5)/3)/(-5). Suppose h = 3*n + 17, -3*h = -7*h + n + 13. Calculate the highest common factor of h and g.
1
Suppose 3*q = 5*i - 203, 0*q + 4*q = 5*i - 204. Let k = i - 37. Calculate the greatest common factor of k and 9.
3
Let z be ((-344)/129)/(2/(-36)). What is the highest common divisor of z and 1